{"id":4800,"date":"2024-08-18T00:28:27","date_gmt":"2024-08-18T00:28:27","guid":{"rendered":"http:\/\/www.ltsrent.pl\/?page_id=4800"},"modified":"2024-08-20T10:05:56","modified_gmt":"2024-08-20T10:05:56","slug":"regulamin","status":"publish","type":"page","link":"http:\/\/www.ltsrent.pl\/index.php\/regulamin\/","title":{"rendered":"REGULAMIN"},"content":{"rendered":"\n<div class=\"wp-block-columns is-layout-flex wp-container-core-columns-is-layout-28f84493 wp-block-columns-is-layout-flex\">\n<div class=\"wp-block-column is-layout-flow wp-block-column-is-layout-flow\"><\/div>\n\n\n\n<div class=\"wp-block-column is-layout-flow wp-block-column-is-layout-flow\"><\/div>\n\n\n\n<div class=\"wp-block-column is-layout-flow wp-block-column-is-layout-flow\"><\/div>\n<\/div>\n\n\n\n<p><\/p>\n\n\n\n<div class=\"wp-block-columns is-layout-flex wp-container-core-columns-is-layout-28f84493 wp-block-columns-is-layout-flex\">\n<div class=\"wp-block-column is-layout-flow wp-block-column-is-layout-flow\"><\/div>\n\n\n\n<div class=\"wp-block-column is-layout-flow wp-block-column-is-layout-flow\">\n<figure class=\"wp-block-image size-full is-resized\"><img fetchpriority=\"high\" decoding=\"async\" width=\"500\" height=\"500\" src=\"http:\/\/www.ltsrent.pl\/wp-content\/uploads\/2024\/08\/Projekt-bez-nazwy-11-1-1.png\" alt=\"\" class=\"wp-image-4588\" style=\"width:576px;height:auto\" srcset=\"http:\/\/www.ltsrent.pl\/wp-content\/uploads\/2024\/08\/Projekt-bez-nazwy-11-1-1.png 500w, http:\/\/www.ltsrent.pl\/wp-content\/uploads\/2024\/08\/Projekt-bez-nazwy-11-1-1-300x300.png 300w, http:\/\/www.ltsrent.pl\/wp-content\/uploads\/2024\/08\/Projekt-bez-nazwy-11-1-1-150x150.png 150w\" sizes=\"(max-width: 500px) 100vw, 500px\" \/><\/figure>\n<\/div>\n\n\n\n<div class=\"wp-block-column is-layout-flow wp-block-column-is-layout-flow\"><\/div>\n<\/div>\n\n\n\n<div class=\"wp-block-group is-layout-constrained wp-block-group-is-layout-constrained\">\n<div class=\"wp-block-columns is-layout-flex wp-container-core-columns-is-layout-28f84493 wp-block-columns-is-layout-flex\">\n<div class=\"wp-block-column is-layout-flow wp-block-column-is-layout-flow\">\n<p class=\"has-text-align-center has-normal-font-size\">Poni\u017cszy regulamin s\u0142u\u017cy zapewnieniu spokojnego i bezpiecznego pobytu naszych Go\u015bci.<\/p>\n\n\n\n<div class=\"wp-block-group is-layout-constrained wp-block-group-is-layout-constrained\">\n<div class=\"wp-block-columns is-layout-flex wp-container-core-columns-is-layout-28f84493 wp-block-columns-is-layout-flex\">\n<div class=\"wp-block-column is-layout-flow wp-block-column-is-layout-flow\">\n<div class=\"wp-block-group is-layout-constrained wp-block-group-is-layout-constrained\">\n<div class=\"wp-block-columns is-layout-flex wp-container-core-columns-is-layout-28f84493 wp-block-columns-is-layout-flex\">\n<div class=\"wp-block-column is-layout-flow wp-block-column-is-layout-flow\">\n<div class=\"wp-block-group is-layout-constrained wp-block-group-is-layout-constrained\">\n<div class=\"wp-block-columns is-layout-flex wp-container-core-columns-is-layout-28f84493 wp-block-columns-is-layout-flex\">\n<div class=\"wp-block-column is-layout-flow wp-block-column-is-layout-flow\">\n<p><\/p>\n\n\n\n<div class=\"wp-block-group is-layout-constrained wp-block-group-is-layout-constrained\">\n<div class=\"wp-block-columns is-layout-flex wp-container-core-columns-is-layout-28f84493 wp-block-columns-is-layout-flex\">\n<div class=\"wp-block-column is-layout-flow wp-block-column-is-layout-flow\">\n<pre class=\"wp-block-preformatted has-text-color has-link-color has-tiny-font-size wp-elements-e4c5ae5bd5bb2989459e27da0c1b2429\" style=\"color:#052a5e\"><br><br>                                                     <strong>POSTANOWIENIA OG\u00d3LNE<\/strong><br><br>I.\tNiniejszy Regulamin okre\u015bla warunki rezerwacji i us\u0142ugi najmu kr\u00f3tkoterminowego lokali dost\u0119pnych w ofercie LTS RENT. W ramach us\u0142ugi kr\u00f3tkoterminowego najmu apartamentu, LTS RENT zobowi\u0105zuje si\u0119 do udost\u0119pnienia Klientowi Apartamentu, a Klient do zap\u0142aty wynagrodzenia oraz przestrzegania zasad okre\u015blonych w niniejszym Regulaminie.<br><br>                                                  <strong>ZAMELDOWANIE I WYMELDOWANIE<\/strong><br><br>I.\tDoba pobytowa rozpoczyna si\u0119 od godziny 15:00 w dniu przyjazdu i ko\u0144czy si\u0119 o godzinie 10:00  w ostatnim dniu pobytu.<br>II.\tLiczba os\u00f3b maj\u0105cych zamieszka\u0107 w Apartamencie jest ograniczona do podanej w specyfikacji rezerwacji. Go\u015b\u0107 zobowi\u0105zany jest do poinformowania W\u0142a\u015bciciela telefonicznie lub e-mailem o jakiejkolwiek zmianie tej liczby. W innym przypadku osoba odpowiedzialna za rezerwacj\u0119 mo\u017ce odm\u00f3wi\u0107 wydania kluczy do Apartamentu.<br>III.\tNajemca w dniu zameldowania powinien zg\u0142osi\u0107 wszelkie braki lub usterki znajduj\u0105ce si\u0119 w apartamencie. Niezg\u0142oszenie uwag i zastrze\u017ce\u0144 (w formie pisemnej: sms, email etc.) co do stanu technicznego w dniu zameldowania do apartamentu, r\u00f3wnoznaczne jest z tym, \u017ce apartament, jak i zawarte w nim sprz\u0119ty, zosta\u0142y oddane do u\u017cytku w stanie nie budz\u0105cym uwag i zastrze\u017ce\u0144 go\u015bcia.<br> <br><br>                                                         <strong>ZASADY OG\u00d3LNE<\/strong><br><br>I.\tW Apartamencie obowi\u0105zuje cisza nocna od godziny 22:00 do godziny 6:00. W przypadku nieprzestrzegania powszechnie przyj\u0119tych norm wsp\u00f3\u0142\u017cycia spo\u0142ecznego, zak\u0142\u00f3cania spokoju s\u0105siad\u00f3w, LTS RENT zastrzega sobie prawo do natychmiastowego rozwi\u0105zania Rezerwacji ze skutkiem natychmiastowym, bez obowi\u0105zku zwrotu koszt\u00f3w za niewykorzystany czas pobytu.<br>II.\tNajemca b\u0119dzie przestrzega\u0142 zasad ciszy nocnej i utrzymywa\u0142 poprawne relacje z<br>s\u0105siadami.<br>III.\tOrganizowanie wszelkiego rodzaju imprez w Apartamentach jest zabronione. W przypadku z\u0142amania zakazu organizacji imprez, Wynajmuj\u0105cy zastrzega sobie prawo do natychmiastowego rozwi\u0105zania Rezerwacji, bez obowi\u0105zku zwrotu koszt\u00f3w za niewykorzystany czas pobytu.<br>IV.\tW budynku obowi\u0105zuje ca\u0142kowity zakaz palenia papieros\u00f3w, u\u017cywek oraz e papieros\u00f3w. W przypadku nieprzestrzegania zakazu LTS RENT mo\u017ce naliczy\u0107 dodatkow\u0105 op\u0142at\u0119.<br>V.\tNajemca zobowi\u0105zany jest do utrzymywania oraz zwrotu Apartamentu w stanie nienaruszonym poza zu\u017cycie wynikaj\u0105ce z normalnej eksploatacji.<br>VI.\tNajemca odpowiada za dzia\u0142ania i zaniechania wszystkich go\u015bci przebywaj\u0105cych wsp\u00f3lnie z nim w Apartamencie, jak za swoje w\u0142asne.<br>VII.\tNajemca nie mo\u017ce oddawa\u0107 w podnajem apartament\u00f3w oraz przekazywa\u0107 ich osobom trzecim, nawet je\u015bli nie up\u0142yn\u0105\u0142 okres, za kt\u00f3ry ui\u015bci\u0142 nale\u017cn\u0105 za pobyt op\u0142at\u0119.<br>VIII.\tNajemca nie ma prawa bez wcze\u015bniejszej pisemnej zgody w\u0142a\u015bciciela obiektu dokonywa\u0107 jakichkolwiek napraw lub czyni\u0107 jakichkolwiek nak\u0142ad\u00f3w lub zmian w apartamencie. O konieczno\u015bci dokonania napraw lub nak\u0142ad\u00f3w Najemca zobowi\u0105zany jest niezw\u0142ocznie poinformowa\u0107 przedstawiciela w\u0142a\u015bciciela obiektu<br>IX.\tKoszt dorabiania kluczy, ewentualnie nowego zamka z powodu zgubienia klucza dodatkowo obci\u0105\u017cy Najemc\u0119.<br>X.\tWynajmuj\u0105cy zastrzega sobie prawo wej\u015bcia do lokalu podczas przegl\u0105d\u00f3w<br>okresowych po uprzednim uzgodnieniu terminu albo bez zgody Najemcy, gdy istnieje podejrzenie pope\u0142nienia przest\u0119pstwa oraz w przypadku nag\u0142ym (zagro\u017cenie \u017cycia lub mienia)<br>XI.\tPo zako\u0144czeniu najmu Najemca zobowi\u0105zuje si\u0119 doprowadzi\u0107 lokal do stanu odnotowanego w protokole zdawczo- odbiorczym.<br>XII.\t. Koszty napraw szk\u00f3d pozostawionych w lokalu obci\u0105\u017c\u0105 Najemc\u0119.<br>XIII.\tZa przedmioty pozostawione przez Najemc\u0119 po zako\u0144czeniu najmu lub w przypadku opuszczenia lokalu Wynajmuj\u0105cego nie bierze \u017cadnej odpowiedzialno\u015bci. <br>XIV.\tWcze\u015bniejszy wyjazd Najemcy, z przyczyn niezale\u017cnych od w\u0142a\u015bcicieli apartamentu nie uprawnia go do \u017c\u0105dania zwrotu kwoty za niewykorzystane \u015bwiadczenie.<br><br>                                                     <strong>POBYT ZWIERZ\u0104T DOMOWYCH<\/strong><br>I.\tZwierz\u0119ta s\u0105 akceptowane za dodatkow\u0105 op\u0142at\u0105 w wysoko\u015bci 100 z\u0142 za pobyt. Zwierz\u0119ta maj\u0105 zapewnione miski zar\u00f3wno na wod\u0119, jak i na pokarm.<br><br><br>                                                         <strong>US\u0141UGI DODATKOWE<\/strong><br><br>I.\tGo\u015b\u0107 ma mo\u017cliwo\u015b\u0107 do skorzystania z cateringu w wersji \u015bniadania w ka\u017cdym dniu pobytu (cena uwzgl\u0119dniona w warto\u015bci noclegu).<br><br><br><br><br><\/pre>\n<\/div>\n<\/div>\n<\/div>\n\n\n\n<ol class=\"wp-block-list\" style=\"list-style-type:upper-roman\">\n<li><\/li>\n<\/ol>\n<\/div>\n<\/div>\n<\/div>\n<\/div>\n<\/div>\n<\/div>\n<\/div>\n<\/div>\n<\/div>\n<\/div>\n<\/div>\n<\/div>\n\n\n\n<hr class=\"wp-block-separator has-alpha-channel-opacity is-style-wide\"\/>\n","protected":false},"excerpt":{"rendered":"<p>Poni\u017cszy regulamin s\u0142u\u017cy zapewnieniu spokojnego i bezpiecznego pobytu naszych Go\u015bci. POSTANOWIENIA OG\u00d3LNEI. Niniejszy Regulamin okre\u015bla warunki rezerwacji i us\u0142ugi najmu kr\u00f3tkoterminowego lokali dost\u0119pnych w ofercie LTS RENT. W ramach us\u0142ugi kr\u00f3tkoterminowego najmu apartamentu, LTS RENT zobowi\u0105zuje si\u0119 do udost\u0119pnienia Klientowi Apartamentu, a Klient do zap\u0142aty wynagrodzenia oraz przestrzegania zasad okre\u015blonych w niniejszym Regulaminie. ZAMELDOWANIE I WYMELDOWANIEI. Doba pobytowa rozpoczyna si\u0119 od godziny 15:00 w dniu przyjazdu i ko\u0144czy si\u0119 o godzinie 10:00 w ostatnim dniu pobytu.II. Liczba os\u00f3b maj\u0105cych zamieszka\u0107 w Apartamencie jest ograniczona do podanej w specyfikacji rezerwacji. Go\u015b\u0107 zobowi\u0105zany jest do poinformowania W\u0142a\u015bciciela telefonicznie lub e-mailem o jakiejkolwiek<\/p>\n","protected":false},"author":1,"featured_media":0,"parent":0,"menu_order":0,"comment_status":"closed","ping_status":"closed","template":"","meta":{"footnotes":""},"class_list":["post-4800","page","type-page","status-publish","hentry"],"_links":{"self":[{"href":"http:\/\/www.ltsrent.pl\/index.php\/wp-json\/wp\/v2\/pages\/4800","targetHints":{"allow":["GET"]}}],"collection":[{"href":"http:\/\/www.ltsrent.pl\/index.php\/wp-json\/wp\/v2\/pages"}],"about":[{"href":"http:\/\/www.ltsrent.pl\/index.php\/wp-json\/wp\/v2\/types\/page"}],"author":[{"embeddable":true,"href":"http:\/\/www.ltsrent.pl\/index.php\/wp-json\/wp\/v2\/users\/1"}],"replies":[{"embeddable":true,"href":"http:\/\/www.ltsrent.pl\/index.php\/wp-json\/wp\/v2\/comments?post=4800"}],"version-history":[{"count":22,"href":"http:\/\/www.ltsrent.pl\/index.php\/wp-json\/wp\/v2\/pages\/4800\/revisions"}],"predecessor-version":[{"id":5195,"href":"http:\/\/www.ltsrent.pl\/index.php\/wp-json\/wp\/v2\/pages\/4800\/revisions\/5195"}],"wp:attachment":[{"href":"http:\/\/www.ltsrent.pl\/index.php\/wp-json\/wp\/v2\/media?parent=4800"}],"curies":[{"name":"wp","href":"https:\/\/api.w.org\/{rel}","templated":true}]}}