{"id":5525,"date":"2024-09-27T20:46:21","date_gmt":"2024-09-27T20:46:21","guid":{"rendered":"https:\/\/www.ltsrent.pl\/?page_id=5525"},"modified":"2024-09-27T21:34:33","modified_gmt":"2024-09-27T21:34:33","slug":"formularz-nieprawidlowosci","status":"publish","type":"page","link":"https:\/\/www.ltsrent.pl\/index.php\/formularz-nieprawidlowosci\/","title":{"rendered":"Formularz zg\u0142aszania nieprawid\u0142owo\u015bci"},"content":{"rendered":"\t\t<div data-elementor-type=\"wp-page\" data-elementor-id=\"5525\" class=\"elementor elementor-5525\">\n\t\t\t\t<div class=\"elementor-element elementor-element-2543619 e-flex e-con-boxed e-con e-parent\" data-id=\"2543619\" data-element_type=\"container\">\n\t\t\t\t\t<div class=\"e-con-inner\">\n\t\t\t\t<div class=\"elementor-element elementor-element-95d2d57 elementor-widget elementor-widget-heading\" data-id=\"95d2d57\" data-element_type=\"widget\" data-widget_type=\"heading.default\">\n\t\t\t\t<div class=\"elementor-widget-container\">\n\t\t\t\t\t<h2 class=\"elementor-heading-title elementor-size-default\">Dodaj tu sw\u00f3j tekst nag\u0142\u00f3wka<\/h2>\t\t\t\t<\/div>\n\t\t\t\t<\/div>\n\t\t\t\t\t<\/div>\n\t\t\t\t<\/div>\n\t\t<div class=\"elementor-element elementor-element-e00c30f e-flex e-con-boxed e-con e-parent\" data-id=\"e00c30f\" data-element_type=\"container\">\n\t\t\t\t\t<div class=\"e-con-inner\">\n\t\t\t\t<div class=\"elementor-element elementor-element-09c6a02 elementor-widget elementor-widget-heading\" data-id=\"09c6a02\" data-element_type=\"widget\" data-widget_type=\"heading.default\">\n\t\t\t\t<div class=\"elementor-widget-container\">\n\t\t\t\t\t<h3 class=\"elementor-heading-title elementor-size-default\">Formularz zg\u0142aszania nieprawid\u0142owo\u015bci<\/h3>\t\t\t\t<\/div>\n\t\t\t\t<\/div>\n\t\t\t\t\t<\/div>\n\t\t\t\t<\/div>\n\t\t<div class=\"elementor-element elementor-element-138ddd5 e-flex e-con-boxed e-con e-parent\" data-id=\"138ddd5\" data-element_type=\"container\">\n\t\t\t\t\t<div class=\"e-con-inner\">\n\t\t\t\t<div class=\"elementor-element elementor-element-6a9f2a3 elementor-widget elementor-widget-shortcode\" data-id=\"6a9f2a3\" data-element_type=\"widget\" data-widget_type=\"shortcode.default\">\n\t\t\t\t<div class=\"elementor-widget-container\">\n\t\t\t\t\t\t\t<div class=\"elementor-shortcode\"><div class='fluentform ff-default fluentform_wrapper_3 ffs_default_wrap'><form data-form_id=\"3\" id=\"fluentform_3\" class=\"frm-fluent-form fluent_form_3 ff-el-form-top ff_form_instance_3_1 ff-form-loading ffs_default\" data-form_instance=\"ff_form_instance_3_1\" method=\"POST\" ><fieldset  style=\"border: none!important;margin: 0!important;padding: 0!important;background-color: transparent!important;box-shadow: none!important;outline: none!important; min-inline-size: 100%;\">\n                    <legend class=\"ff_screen_reader_title\" style=\"display: block; margin: 0!important;padding: 0!important;height: 0!important;text-indent: -999999px;width: 0!important;overflow:hidden;\">SYGNALI\u015aCI (#3)<\/legend><input type='hidden' name='__fluent_form_embded_post_id' value='5525' \/><input type=\"hidden\" id=\"_fluentform_3_fluentformnonce\" name=\"_fluentform_3_fluentformnonce\" value=\"4eb00bbc9b\" \/><input type=\"hidden\" name=\"_wp_http_referer\" value=\"\/index.php\/wp-json\/wp\/v2\/pages\/5525\" \/><div data-name=\"ff_cn_id_1\"  class='ff-t-container ff-column-container ff_columns_total_2  '><div class='ff-t-cell ff-t-column-1' style='flex-basis: 49.89%;'><div class='ff-el-group'><div class=\"ff-el-input--label ff-el-is-required asterisk-right\"><label for='ff_3_datetime' aria-label=\"Data zg\u0142oszenia\">Data zg\u0142oszenia<\/label><\/div><div class='ff-el-input--content'><input  aria-label='Data zg\u0142oszenia Use arrow keys to navigate dates. Press enter to select a date.'  aria-haspopup='dialog' data-type-datepicker data-format='d\/m\/Y' type=\"text\" name=\"datetime\" id=\"ff_3_datetime\" class=\"ff-el-form-control ff-el-datepicker\" placeholder=\"Wybierz dat\u0119\" data-name=\"datetime\"  aria-invalid='false' aria-required=true><\/div><\/div><\/div><div class='ff-t-cell ff-t-column-2' style='flex-basis: 50.11%;'><div class='ff-el-group'><div class=\"ff-el-input--label ff-el-is-required asterisk-right\"><label for='ff_3_input_text' aria-label=\"Miejscowo\u015b\u0107\">Miejscowo\u015b\u0107<\/label><\/div><div class='ff-el-input--content'><input type=\"text\" name=\"input_text\" class=\"ff-el-form-control\" placeholder=\"Wpisz miejscowo\u015b\u0107\" data-name=\"input_text\" id=\"ff_3_input_text\"  aria-invalid=\"false\" aria-required=true><\/div><\/div><\/div><\/div><div data-type=\"name-element\" data-name=\"names\" class=\" ff-field_container ff-name-field-wrapper\" ><div class='ff-t-container'><div class='ff-t-cell '><div class='ff-el-group ff-el-form-top'><div class=\"ff-el-input--label ff-el-is-required asterisk-right\"><label for='ff_3_names_first_name_' >Imi\u0119<\/label><\/div><div class='ff-el-input--content'><input type=\"text\" name=\"names[first_name]\" id=\"ff_3_names_first_name_\" class=\"ff-el-form-control\" placeholder=\"Imi\u0119\" aria-invalid=\"false\" aria-required=true><\/div><\/div><\/div><div class='ff-t-cell '><div class='ff-el-group ff-el-form-top'><div class=\"ff-el-input--label ff-el-is-required asterisk-right\"><label for='ff_3_names_last_name_' >Nazwisko<\/label><\/div><div class='ff-el-input--content'><input type=\"text\" name=\"names[last_name]\" id=\"ff_3_names_last_name_\" class=\"ff-el-form-control\" placeholder=\"Nazwisko\" aria-invalid=\"false\" aria-required=true><\/div><\/div><\/div><\/div><\/div><div class='ff-el-group'><div class=\"ff-el-input--label ff-el-is-required asterisk-right\"><label for='ff_3_email' aria-label=\"Email\">Email<\/label><\/div><div class='ff-el-input--content'><input type=\"email\" name=\"email\" id=\"ff_3_email\" class=\"ff-el-form-control\" placeholder=\"Email \" data-name=\"email\"  aria-invalid=\"false\" aria-required=true><\/div><\/div><div class='ff-el-group'><div class=\"ff-el-input--label asterisk-right\"><label for='ff_3_numeric_field' aria-label=\"Telefon kontaktowy\">Telefon kontaktowy <\/label><\/div><div class='ff-el-input--content'><input type=\"number\" name=\"numeric_field\" id=\"ff_3_numeric_field\" class=\"ff-el-form-control\" placeholder=\"Wpisz numer telefonu\" data-name=\"numeric_field\" inputmode=\"numeric\" step=\"any\"  aria-invalid=\"false\" aria-required=false><\/div><\/div><div class='ff-el-group'><div class=\"ff-el-input--label ff-el-is-required asterisk-right\"><label  aria-label=\"Charakter nieprawid\u0142owo\u015bci\">Charakter nieprawid\u0142owo\u015bci<\/label><\/div><div class='ff-el-input--content'><div class='ff-el-form-check ff-el-form-check-'><label class='ff-el-form-check-label' for=checkbox_b59c59c03ed58baf4368631e1f37d285><input  type=\"checkbox\" name=\"checkbox[]\" data-name=\"checkbox\" class=\"ff-el-form-check-input ff-el-form-check-checkbox\" value=\"Nadu\u017cywania pozycji i pe\u0142nionej funkcji;\"  id='checkbox_b59c59c03ed58baf4368631e1f37d285' aria-label='Nadu\u017cywania pozycji i pe\u0142nionej funkcji;' aria-invalid='false' aria-required=true> <span>Nadu\u017cywania pozycji i pe\u0142nionej funkcji;<\/span><\/label><\/div><div class='ff-el-form-check ff-el-form-check-'><label class='ff-el-form-check-label' for=checkbox_ec4eaf6897fd8fb593821684734b09c1><input  type=\"checkbox\" name=\"checkbox[]\" data-name=\"checkbox\" class=\"ff-el-form-check-input ff-el-form-check-checkbox\" value=\"\u0141amania praw pracowniczych, narusze\u0144 przepis\u00f3w bezpiecze\u0144stwa i higieny pracy, mobbingu, molestowania, zachowa\u0144 dyskryminuj\u0105cych;\"  id='checkbox_ec4eaf6897fd8fb593821684734b09c1' aria-label='\u0141amania praw pracowniczych, narusze\u0144 przepis\u00f3w bezpiecze\u0144stwa i higieny pracy, mobbingu, molestowania, zachowa\u0144 dyskryminuj\u0105cych;' aria-invalid='false' aria-required=true> <span>\u0141amania praw pracowniczych, narusze\u0144 przepis\u00f3w bezpiecze\u0144stwa i higieny pracy, mobbingu, molestowania, zachowa\u0144 dyskryminuj\u0105cych;<\/span><\/label><\/div><div class='ff-el-form-check ff-el-form-check-'><label class='ff-el-form-check-label' for=checkbox_1882bb42005d4246fd711b9217789eb0><input  type=\"checkbox\" name=\"checkbox[]\" data-name=\"checkbox\" class=\"ff-el-form-check-input ff-el-form-check-checkbox\" value=\"Przest\u0119pstw natury gospodarczej \u2013 kradzie\u017cy, zniszczenia mienia, oszustwa, fa\u0142szerstwa, dzia\u0142a\u0144 na szkod\u0119 Sp\u00f3\u0142ki;\"  id='checkbox_1882bb42005d4246fd711b9217789eb0' aria-label='Przest\u0119pstw natury gospodarczej \u2013 kradzie\u017cy, zniszczenia mienia, oszustwa, fa\u0142szerstwa, dzia\u0142a\u0144 na szkod\u0119 Sp\u00f3\u0142ki;' aria-invalid='false' aria-required=true> <span>Przest\u0119pstw natury gospodarczej \u2013 kradzie\u017cy, zniszczenia mienia, oszustwa, fa\u0142szerstwa, dzia\u0142a\u0144 na szkod\u0119 Sp\u00f3\u0142ki;<\/span><\/label><\/div><div class='ff-el-form-check ff-el-form-check-'><label class='ff-el-form-check-label' for=checkbox_92ebc3e97c29eade02773e3cb7fdfef1><input  type=\"checkbox\" name=\"checkbox[]\" data-name=\"checkbox\" class=\"ff-el-form-check-input ff-el-form-check-checkbox\" value=\" Naruszenia zakazu konkurencji i ujawniania tajemnicy przedsi\u0119biorstwa;\"  id='checkbox_92ebc3e97c29eade02773e3cb7fdfef1' aria-label='Naruszenia zakazu konkurencji i ujawniania tajemnicy przedsi\u0119biorstwa;' aria-invalid='false' aria-required=true> <span> Naruszenia zakazu konkurencji i ujawniania tajemnicy przedsi\u0119biorstwa;<\/span><\/label><\/div><div class='ff-el-form-check ff-el-form-check-'><label class='ff-el-form-check-label' for=checkbox_84bef45117f56fb6a984b25fe02c2347><input  type=\"checkbox\" name=\"checkbox[]\" data-name=\"checkbox\" class=\"ff-el-form-check-input ff-el-form-check-checkbox\" value=\"Konfliktu interes\u00f3w;\"  id='checkbox_84bef45117f56fb6a984b25fe02c2347' aria-label='Konfliktu interes\u00f3w;' aria-invalid='false' aria-required=true> <span>Konfliktu interes\u00f3w;<\/span><\/label><\/div><div class='ff-el-form-check ff-el-form-check-'><label class='ff-el-form-check-label' for=checkbox_90c043fc97be70f7133a94e3884ec039><input  type=\"checkbox\" name=\"checkbox[]\" data-name=\"checkbox\" class=\"ff-el-form-check-input ff-el-form-check-checkbox\" value=\"Przest\u0119pstw w obszarze zam\u00f3wie\u0144 publicznych, stosowania produkt\u00f3w i materia\u0142\u00f3w niebezpiecznych, bezpiecze\u0144stwa transportu, ochrony \u015brodowiska, ochrony praw konsument\u00f3w, ochrony danych osobowych (RODO);\"  id='checkbox_90c043fc97be70f7133a94e3884ec039' aria-label='Przest\u0119pstw w obszarze zam\u00f3wie\u0144 publicznych, stosowania produkt\u00f3w i materia\u0142\u00f3w niebezpiecznych, bezpiecze\u0144stwa transportu, ochrony \u015brodowiska, ochrony praw konsument\u00f3w, ochrony danych osobowych (RODO);' aria-invalid='false' aria-required=true> <span>Przest\u0119pstw w obszarze zam\u00f3wie\u0144 publicznych, stosowania produkt\u00f3w i materia\u0142\u00f3w niebezpiecznych, bezpiecze\u0144stwa transportu, ochrony \u015brodowiska, ochrony praw konsument\u00f3w, ochrony danych osobowych (RODO);<\/span><\/label><\/div><div class='ff-el-form-check ff-el-form-check-'><label class='ff-el-form-check-label' for=checkbox_b8cd020fda2065b44d440ad1a186fb7a><input  type=\"checkbox\" name=\"checkbox[]\" data-name=\"checkbox\" class=\"ff-el-form-check-input ff-el-form-check-checkbox\" value=\"Prania pieni\u0119dzy i finansowania terroryzmu;\"  id='checkbox_b8cd020fda2065b44d440ad1a186fb7a' aria-label='Prania pieni\u0119dzy i finansowania terroryzmu;' aria-invalid='false' aria-required=true> <span>Prania pieni\u0119dzy i finansowania terroryzmu;<\/span><\/label><\/div><div class='ff-el-form-check ff-el-form-check-'><label class='ff-el-form-check-label' for=checkbox_cc2b0b9153f64750168d45d4f93d5820><input  type=\"checkbox\" name=\"checkbox[]\" data-name=\"checkbox\" class=\"ff-el-form-check-input ff-el-form-check-checkbox\" value=\"Inne\"  id='checkbox_cc2b0b9153f64750168d45d4f93d5820' aria-label='Inne' aria-invalid='false' aria-required=true> <span>Inne<\/span><\/label><\/div><\/div><\/div><div class='ff-el-group'><div class=\"ff-el-input--label ff-el-is-required asterisk-right\"><label for='ff_3_description' aria-label=\"Szczeg\u00f3\u0142owy opis nieprawid\u0142owo\u015bci\">Szczeg\u00f3\u0142owy opis nieprawid\u0142owo\u015bci<\/label><\/div><div class='ff-el-input--content'><textarea aria-invalid=\"false\" aria-required=true name=\"description\" id=\"ff_3_description\" class=\"ff-el-form-control\" placeholder=\"Opis nieprawid\u0142owo\u015bci\" rows=\"3\" cols=\"2\" data-name=\"description\" ><\/textarea><\/div><\/div><div class='ff-el-group ' ><div class='ff-el-input--label'><label>reCAPTCHA<\/label><\/div><div class='ff-el-input--content'><div data-fluent_id='3' name='g-recaptcha-response'><div\n\t\tdata-sitekey='6LfgpikqAAAAAC7GHdMzvEbJPOZNvagQxHfd2eIC'\n\t\tid='fluentform-recaptcha-3-1'\n\t\tclass='ff-el-recaptcha g-recaptcha'\n\t\tdata-callback='fluentFormrecaptchaSuccessCallback'><\/div><\/div><\/div><\/div><div class='ff-el-group ff-text-left ff_submit_btn_wrapper'><button type=\"submit\" class=\"ff-btn ff-btn-submit ff-btn-md ff_btn_style\" >Wy\u015blij<\/button><\/div><\/fieldset><\/form><div id='fluentform_3_errors' class='ff-errors-in-stack ff_form_instance_3_1 ff-form-loading_errors ff_form_instance_3_1_errors'><\/div><\/div>        <script type=\"text\/javascript\">\n            window.fluent_form_ff_form_instance_3_1 = {\"id\":\"3\",\"settings\":{\"layout\":{\"labelPlacement\":\"top\",\"helpMessagePlacement\":\"with_label\",\"errorMessagePlacement\":\"inline\",\"cssClassName\":\"\",\"asteriskPlacement\":\"asterisk-right\"},\"restrictions\":{\"denyEmptySubmission\":{\"enabled\":false}}},\"form_instance\":\"ff_form_instance_3_1\",\"form_id_selector\":\"fluentform_3\",\"rules\":{\"datetime\":{\"required\":{\"value\":true,\"message\":\"To pole jest wymagane\",\"global_message\":\"To pole jest wymagane\",\"global\":true}},\"input_text\":{\"required\":{\"value\":true,\"message\":\"To pole jest wymagane\",\"global_message\":\"To pole jest wymagane\",\"global\":true}},\"names[first_name]\":{\"required\":{\"value\":true,\"message\":\"To pole jest wymagane\",\"global_message\":\"To pole jest wymagane\",\"global\":true}},\"names[middle_name]\":{\"required\":{\"value\":false,\"message\":\"To pole jest wymagane\",\"global_message\":\"To pole jest wymagane\",\"global\":true}},\"names[last_name]\":{\"required\":{\"value\":true,\"message\":\"To pole jest wymagane\",\"global_message\":\"To pole jest wymagane\",\"global\":true}},\"email\":{\"required\":{\"value\":true,\"message\":\"To pole jest wymagane\",\"global_message\":\"To pole jest wymagane\",\"global\":true},\"email\":{\"value\":true,\"message\":\"To pole musi zawiera\\u0107 adres e-mail\",\"global_message\":\"To pole musi zawiera\\u0107 adres e-mail\",\"global\":true}},\"numeric_field\":{\"required\":{\"value\":false,\"message\":\"To pole jest wymagane\",\"global_message\":\"To pole jest wymagane\",\"global\":true},\"numeric\":{\"value\":true,\"message\":\"To pole musi zawiera\\u0107 numer telefonu\",\"global_message\":\"To pole musi zawiera\\u0107 numer telefonu\",\"global\":true},\"min\":{\"value\":\"\",\"message\":\"Validation fails for minimum value\",\"global_message\":\"Validation fails for minimum value\",\"global\":true},\"max\":{\"value\":\"\",\"message\":\"Validation fails for maximum value\",\"global_message\":\"Validation fails for maximum value\",\"global\":true},\"digits\":{\"value\":\"9\",\"message\":\"wymagalno\\u015b\\u0107 9 cyfr\",\"global_message\":\"wymagalno\\u015b\\u0107 9 cyfr\",\"global\":true}},\"checkbox\":{\"required\":{\"value\":true,\"message\":\"To pole jest wymagane\",\"global_message\":\"To pole jest wymagane\",\"global\":true}},\"description\":{\"required\":{\"value\":true,\"message\":\"To pole jest wymagane\",\"global_message\":\"To pole jest wymagane\",\"global\":true}},\"g-recaptcha-response\":[]},\"debounce_time\":300};\n                    <\/script>\n        <\/div>\n\t\t\t\t\t\t<\/div>\n\t\t\t\t<\/div>\n\t\t\t\t\t<\/div>\n\t\t\t\t<\/div>\n\t\t\t\t<\/div>\n\t\t","protected":false},"excerpt":{"rendered":"<p>Dodaj tu sw\u00f3j tekst nag\u0142\u00f3wka Formularz zg\u0142aszania nieprawid\u0142owo\u015bci<\/p>\n","protected":false},"author":1,"featured_media":0,"parent":0,"menu_order":0,"comment_status":"closed","ping_status":"closed","template":"","meta":{"footnotes":""},"class_list":["post-5525","page","type-page","status-publish","hentry"],"_links":{"self":[{"href":"https:\/\/www.ltsrent.pl\/index.php\/wp-json\/wp\/v2\/pages\/5525","targetHints":{"allow":["GET"]}}],"collection":[{"href":"https:\/\/www.ltsrent.pl\/index.php\/wp-json\/wp\/v2\/pages"}],"about":[{"href":"https:\/\/www.ltsrent.pl\/index.php\/wp-json\/wp\/v2\/types\/page"}],"author":[{"embeddable":true,"href":"https:\/\/www.ltsrent.pl\/index.php\/wp-json\/wp\/v2\/users\/1"}],"replies":[{"embeddable":true,"href":"https:\/\/www.ltsrent.pl\/index.php\/wp-json\/wp\/v2\/comments?post=5525"}],"version-history":[{"count":14,"href":"https:\/\/www.ltsrent.pl\/index.php\/wp-json\/wp\/v2\/pages\/5525\/revisions"}],"predecessor-version":[{"id":5544,"href":"https:\/\/www.ltsrent.pl\/index.php\/wp-json\/wp\/v2\/pages\/5525\/revisions\/5544"}],"wp:attachment":[{"href":"https:\/\/www.ltsrent.pl\/index.php\/wp-json\/wp\/v2\/media?parent=5525"}],"curies":[{"name":"wp","href":"https:\/\/api.w.org\/{rel}","templated":true}]}}