{"id":5634,"date":"2024-11-22T00:41:57","date_gmt":"2024-11-22T00:41:57","guid":{"rendered":"https:\/\/www.ltsrent.pl\/?page_id=5634"},"modified":"2024-11-22T23:06:44","modified_gmt":"2024-11-22T23:06:44","slug":"luxury-comfortable-villaapartament-ul-lakowa-60d-31","status":"publish","type":"page","link":"https:\/\/www.ltsrent.pl\/index.php\/luxury-comfortable-villaapartament-ul-lakowa-60d-31\/","title":{"rendered":"Luxury &#038; Comfortable VillaApartament ul. \u0141\u0105kowa 60D\/31"},"content":{"rendered":"\n<div style=\"height:100px\" aria-hidden=\"true\" class=\"wp-block-spacer\"><\/div>\n\n\n\n<div class=\"wp-block-columns is-layout-flex wp-container-core-columns-is-layout-28f84493 wp-block-columns-is-layout-flex\">\n<div class=\"wp-block-column is-layout-flow wp-block-column-is-layout-flow\">\n<div class=\"wp-block-columns is-layout-flex wp-container-core-columns-is-layout-0111f410 wp-block-columns-is-layout-flex\" style=\"padding-right:var(--wp--preset--spacing--50);padding-left:var(--wp--preset--spacing--50)\">\n<div class=\"wp-block-column is-layout-flow wp-block-column-is-layout-flow\">\n<div class=\"wp-block-group is-layout-constrained wp-container-core-group-is-layout-11c1ca01 wp-block-group-is-layout-constrained\" style=\"padding-right:var(--wp--preset--spacing--50);padding-left:var(--wp--preset--spacing--50)\">\n<div class=\"wp-block-group is-layout-constrained wp-container-core-group-is-layout-7db9d80f wp-block-group-is-layout-constrained\" style=\"padding-right:0;padding-left:0\">\n<p class=\"has-text-align-left has-text-color has-link-color wp-elements-30f5740cf967e84756ec11d255fb3384\" style=\"color:#033b61;font-size:28px;font-style:normal;font-weight:400;letter-spacing:0px\"><strong>Obiekt znajduje si\u0119 w centrum Gda\u0144ska przy samej Star\u00f3wce<\/strong><\/p>\n\n\n\n<div style=\"height:30px\" aria-hidden=\"true\" class=\"wp-block-spacer\"><\/div>\n\n\n\n<p class=\"has-text-align-left has-text-color has-link-color wp-elements-ae648c9f88a448523d25a1e74af453f9\" style=\"color:#033b61;font-size:19px;font-style:normal;font-weight:400\"><em>\u25ca&nbsp; &nbsp;<\/em>Skierowany g\u0142\u00f3wnie dla rodzin lub wi\u0119kszej grupy do 8 os\u00f3b.&nbsp;&nbsp; &nbsp; &nbsp; <\/p>\n\n\n\n<p class=\"has-text-align-left has-text-color has-link-color wp-elements-fda92e9e9ba6b2946091f00cc324663f\" style=\"color:#033b61;font-size:19px;font-style:normal;font-weight:400\"><em>\u25ca&nbsp; &nbsp;<\/em>Prywatny podziemny parking.<\/p>\n\n\n\n<p class=\"has-text-align-left has-text-color has-link-color wp-elements-91c42c41602f95bb14e1bb03297c4e95\" style=\"color:#033b61;font-size:19px;font-style:normal;font-weight:400\"><em>\u25ca&nbsp; &nbsp;<\/em>3 sypialnie oraz salon z rozk\u0142adan\u0105 sof\u0105.<\/p>\n\n\n\n<p class=\"has-text-align-left has-text-color has-link-color wp-elements-1776e3947339794d64bbd0e22752998b\" style=\"color:#033b61;font-size:19px;font-style:normal;font-weight:400\"><em>\u25ca&nbsp; &nbsp;<\/em>Klimatyzacja.<\/p>\n\n\n\n<p class=\"has-text-align-left has-text-color has-link-color wp-elements-aa38e3ca7283799269ecdab0b92146c2\" style=\"color:#033b61;font-size:19px;font-style:normal;font-weight:400\"><em>\u25ca&nbsp; &nbsp;<\/em>Konsola XBOX wraz z grami.<\/p>\n\n\n\n<p class=\"has-text-align-left has-text-color has-link-color wp-elements-ab523ee49fb81ba51dc5e593fc304bd9\" style=\"color:#033b61;font-size:19px;font-style:normal;font-weight:400\"><em>\u25ca&nbsp; &nbsp;<\/em>R\u0119czniki oraz kosmetyki do u\u017cytku przez Go\u015bci.<\/p>\n\n\n\n<p class=\"has-text-align-left has-text-color has-link-color wp-elements-697a0a568f825e7b2f557e85afd94afa\" style=\"color:#033b61;font-size:19px;font-style:normal;font-weight:400\"><em>\u25ca&nbsp; &nbsp;<\/em>Kawa, herbata, woda.<\/p>\n\n\n\n<p class=\"has-text-align-left has-text-color has-link-color wp-elements-b5436082016a071d539148a55de3a044\" style=\"color:#033b61;font-size:19px;font-style:normal;font-weight:400\"><em>\u25ca&nbsp; &nbsp;<\/em>Aneks kuchenny wraz z ca\u0142ym wyposa\u017ceniem w tym ekspres do kawy,&nbsp; czajnik, toster.<\/p>\n\n\n\n<p class=\"has-text-align-left has-text-color has-link-color wp-elements-dc576369dcc088ff495f744ec224ee98\" style=\"color:#033b61;font-size:19px\"><em>\u25ca&nbsp; &nbsp;<\/em>Wiele atrakcji w pobli\u017cu: Fontanna Neptuna, Centralne Muzeum Morskie, Brama Zielona, D\u0142ugie Pobrze\u017ce, Polska Filharmonia Ba\u0142tycka.Zadbamy o Tw\u00f3j niezapomniany  wypoczynek, zapraszamy do skorzystania z us\u0142ug.<\/p>\n<\/div>\n<\/div>\n\n\n\n<div style=\"height:100px\" aria-hidden=\"true\" class=\"wp-block-spacer\"><\/div>\n<\/div>\n<\/div>\n\n\n\n<figure class=\"wp-block-gallery has-nested-images columns-4 is-cropped wp-block-gallery-1 is-layout-flex wp-block-gallery-is-layout-flex\">\n<figure class=\"wp-block-image size-full has-custom-border\"><a href=\"https:\/\/www.ltsrent.pl\/index.php\/luxury-comfortable-villaapartament-ul-lakowa-60d-31\/451016690_122120413706366562_6114126458742304568_n-3\/\" target=\"_blank\" rel=\"noopener\"><img fetchpriority=\"high\" decoding=\"async\" width=\"1536\" height=\"2048\" data-id=\"5642\" src=\"https:\/\/www.ltsrent.pl\/wp-content\/uploads\/2024\/11\/451016690_122120413706366562_6114126458742304568_n.jpg\" alt=\"\" class=\"has-border-color has-intrace-accent-border-color wp-image-5642\" srcset=\"https:\/\/www.ltsrent.pl\/wp-content\/uploads\/2024\/11\/451016690_122120413706366562_6114126458742304568_n.jpg 1536w, https:\/\/www.ltsrent.pl\/wp-content\/uploads\/2024\/11\/451016690_122120413706366562_6114126458742304568_n-225x300.jpg 225w, https:\/\/www.ltsrent.pl\/wp-content\/uploads\/2024\/11\/451016690_122120413706366562_6114126458742304568_n-768x1024.jpg 768w, https:\/\/www.ltsrent.pl\/wp-content\/uploads\/2024\/11\/451016690_122120413706366562_6114126458742304568_n-1152x1536.jpg 1152w, https:\/\/www.ltsrent.pl\/wp-content\/uploads\/2024\/11\/451016690_122120413706366562_6114126458742304568_n-600x800.jpg 600w\" sizes=\"(max-width: 1536px) 100vw, 1536px\" \/><\/a><\/figure>\n\n\n\n<figure class=\"wp-block-image size-full has-custom-border\"><a href=\"https:\/\/www.ltsrent.pl\/index.php\/luxury-comfortable-villaapartament-ul-lakowa-60d-31\/454500534_122120414918366562_3119201935484367053_n-2\/\" target=\"_blank\" rel=\"noopener\"><img decoding=\"async\" width=\"1536\" height=\"2048\" data-id=\"6015\" src=\"https:\/\/www.ltsrent.pl\/wp-content\/uploads\/2024\/11\/454500534_122120414918366562_3119201935484367053_n.jpg\" alt=\"\" class=\"has-border-color has-intrace-accent-border-color wp-image-6015\" srcset=\"https:\/\/www.ltsrent.pl\/wp-content\/uploads\/2024\/11\/454500534_122120414918366562_3119201935484367053_n.jpg 1536w, https:\/\/www.ltsrent.pl\/wp-content\/uploads\/2024\/11\/454500534_122120414918366562_3119201935484367053_n-225x300.jpg 225w, https:\/\/www.ltsrent.pl\/wp-content\/uploads\/2024\/11\/454500534_122120414918366562_3119201935484367053_n-768x1024.jpg 768w, https:\/\/www.ltsrent.pl\/wp-content\/uploads\/2024\/11\/454500534_122120414918366562_3119201935484367053_n-1152x1536.jpg 1152w, https:\/\/www.ltsrent.pl\/wp-content\/uploads\/2024\/11\/454500534_122120414918366562_3119201935484367053_n-600x800.jpg 600w\" sizes=\"(max-width: 1536px) 100vw, 1536px\" \/><\/a><\/figure>\n\n\n\n<figure class=\"wp-block-image size-full has-custom-border\"><a href=\"https:\/\/www.ltsrent.pl\/index.php\/luxury-comfortable-villaapartament-ul-lakowa-60d-31\/454397466_122120414876366562_8574653099880640479_n-3\/\" target=\"_blank\" rel=\"noopener\"><img decoding=\"async\" width=\"1536\" height=\"2048\" data-id=\"5651\" src=\"https:\/\/www.ltsrent.pl\/wp-content\/uploads\/2024\/11\/454397466_122120414876366562_8574653099880640479_n-1.jpg\" alt=\"\" class=\"has-border-color has-intrace-accent-border-color wp-image-5651\" srcset=\"https:\/\/www.ltsrent.pl\/wp-content\/uploads\/2024\/11\/454397466_122120414876366562_8574653099880640479_n-1.jpg 1536w, https:\/\/www.ltsrent.pl\/wp-content\/uploads\/2024\/11\/454397466_122120414876366562_8574653099880640479_n-1-225x300.jpg 225w, https:\/\/www.ltsrent.pl\/wp-content\/uploads\/2024\/11\/454397466_122120414876366562_8574653099880640479_n-1-768x1024.jpg 768w, https:\/\/www.ltsrent.pl\/wp-content\/uploads\/2024\/11\/454397466_122120414876366562_8574653099880640479_n-1-1152x1536.jpg 1152w, https:\/\/www.ltsrent.pl\/wp-content\/uploads\/2024\/11\/454397466_122120414876366562_8574653099880640479_n-1-600x800.jpg 600w\" sizes=\"(max-width: 1536px) 100vw, 1536px\" \/><\/a><\/figure>\n\n\n\n<figure class=\"wp-block-image size-full has-custom-border\"><a href=\"https:\/\/www.ltsrent.pl\/index.php\/luxury-comfortable-villaapartament-ul-lakowa-60d-31\/450914044_122120414804366562_3541981801096268275_n-2\/\" target=\"_blank\" rel=\"noopener\"><img loading=\"lazy\" decoding=\"async\" width=\"1536\" height=\"2048\" data-id=\"5641\" src=\"https:\/\/www.ltsrent.pl\/wp-content\/uploads\/2024\/11\/450914044_122120414804366562_3541981801096268275_n.jpg\" alt=\"\" class=\"has-border-color has-intrace-accent-border-color wp-image-5641\" srcset=\"https:\/\/www.ltsrent.pl\/wp-content\/uploads\/2024\/11\/450914044_122120414804366562_3541981801096268275_n.jpg 1536w, https:\/\/www.ltsrent.pl\/wp-content\/uploads\/2024\/11\/450914044_122120414804366562_3541981801096268275_n-225x300.jpg 225w, https:\/\/www.ltsrent.pl\/wp-content\/uploads\/2024\/11\/450914044_122120414804366562_3541981801096268275_n-768x1024.jpg 768w, https:\/\/www.ltsrent.pl\/wp-content\/uploads\/2024\/11\/450914044_122120414804366562_3541981801096268275_n-1152x1536.jpg 1152w, https:\/\/www.ltsrent.pl\/wp-content\/uploads\/2024\/11\/450914044_122120414804366562_3541981801096268275_n-600x800.jpg 600w\" sizes=\"(max-width: 1536px) 100vw, 1536px\" \/><\/a><\/figure>\n\n\n\n<figure class=\"wp-block-image size-full has-custom-border\"><a href=\"https:\/\/www.ltsrent.pl\/index.php\/luxury-comfortable-villaapartament-ul-lakowa-60d-31\/454433069_122120413946366562_507290007278676805_n-2\/\" target=\"_blank\" rel=\"noopener\"><img loading=\"lazy\" decoding=\"async\" width=\"1536\" height=\"2048\" data-id=\"5654\" src=\"https:\/\/www.ltsrent.pl\/wp-content\/uploads\/2024\/11\/454433069_122120413946366562_507290007278676805_n.jpg\" alt=\"\" class=\"has-border-color has-intrace-accent-border-color wp-image-5654\" srcset=\"https:\/\/www.ltsrent.pl\/wp-content\/uploads\/2024\/11\/454433069_122120413946366562_507290007278676805_n.jpg 1536w, https:\/\/www.ltsrent.pl\/wp-content\/uploads\/2024\/11\/454433069_122120413946366562_507290007278676805_n-225x300.jpg 225w, https:\/\/www.ltsrent.pl\/wp-content\/uploads\/2024\/11\/454433069_122120413946366562_507290007278676805_n-768x1024.jpg 768w, https:\/\/www.ltsrent.pl\/wp-content\/uploads\/2024\/11\/454433069_122120413946366562_507290007278676805_n-1152x1536.jpg 1152w, https:\/\/www.ltsrent.pl\/wp-content\/uploads\/2024\/11\/454433069_122120413946366562_507290007278676805_n-600x800.jpg 600w\" sizes=\"(max-width: 1536px) 100vw, 1536px\" \/><\/a><\/figure>\n\n\n\n<figure class=\"wp-block-image size-full has-custom-border\"><a href=\"https:\/\/www.ltsrent.pl\/index.php\/luxury-comfortable-villaapartament-ul-lakowa-60d-31\/454199938_122120414756366562_3693769611101911708_n-2\/\" target=\"_blank\" rel=\"noopener\"><img loading=\"lazy\" decoding=\"async\" width=\"1536\" height=\"2048\" data-id=\"5645\" src=\"https:\/\/www.ltsrent.pl\/wp-content\/uploads\/2024\/11\/454199938_122120414756366562_3693769611101911708_n.jpg\" alt=\"\" class=\"has-border-color has-intrace-accent-border-color wp-image-5645\" srcset=\"https:\/\/www.ltsrent.pl\/wp-content\/uploads\/2024\/11\/454199938_122120414756366562_3693769611101911708_n.jpg 1536w, https:\/\/www.ltsrent.pl\/wp-content\/uploads\/2024\/11\/454199938_122120414756366562_3693769611101911708_n-225x300.jpg 225w, https:\/\/www.ltsrent.pl\/wp-content\/uploads\/2024\/11\/454199938_122120414756366562_3693769611101911708_n-768x1024.jpg 768w, https:\/\/www.ltsrent.pl\/wp-content\/uploads\/2024\/11\/454199938_122120414756366562_3693769611101911708_n-1152x1536.jpg 1152w, https:\/\/www.ltsrent.pl\/wp-content\/uploads\/2024\/11\/454199938_122120414756366562_3693769611101911708_n-600x800.jpg 600w\" sizes=\"(max-width: 1536px) 100vw, 1536px\" \/><\/a><\/figure>\n\n\n\n<figure class=\"wp-block-image size-full has-custom-border\"><a href=\"https:\/\/www.ltsrent.pl\/index.php\/luxury-comfortable-villaapartament-ul-lakowa-60d-31\/454433360_122120413730366562_8533877934899049776_n\/\" target=\"_blank\" rel=\"noopener\"><img loading=\"lazy\" decoding=\"async\" width=\"1536\" height=\"2048\" data-id=\"6017\" src=\"https:\/\/www.ltsrent.pl\/wp-content\/uploads\/2024\/11\/454433360_122120413730366562_8533877934899049776_n.jpg\" alt=\"\" class=\"has-border-color has-intrace-accent-border-color wp-image-6017\" srcset=\"https:\/\/www.ltsrent.pl\/wp-content\/uploads\/2024\/11\/454433360_122120413730366562_8533877934899049776_n.jpg 1536w, https:\/\/www.ltsrent.pl\/wp-content\/uploads\/2024\/11\/454433360_122120413730366562_8533877934899049776_n-225x300.jpg 225w, https:\/\/www.ltsrent.pl\/wp-content\/uploads\/2024\/11\/454433360_122120413730366562_8533877934899049776_n-768x1024.jpg 768w, https:\/\/www.ltsrent.pl\/wp-content\/uploads\/2024\/11\/454433360_122120413730366562_8533877934899049776_n-1152x1536.jpg 1152w, https:\/\/www.ltsrent.pl\/wp-content\/uploads\/2024\/11\/454433360_122120413730366562_8533877934899049776_n-600x800.jpg 600w\" sizes=\"(max-width: 1536px) 100vw, 1536px\" \/><\/a><\/figure>\n\n\n\n<figure class=\"wp-block-image size-full has-custom-border\"><a href=\"https:\/\/www.ltsrent.pl\/index.php\/luxury-comfortable-villaapartament-ul-lakowa-60d-31\/454346584_122120414864366562_4654640605259341527_n\/\" target=\"_blank\" rel=\"noopener\"><img loading=\"lazy\" decoding=\"async\" width=\"1536\" height=\"2048\" data-id=\"6018\" src=\"https:\/\/www.ltsrent.pl\/wp-content\/uploads\/2024\/11\/454346584_122120414864366562_4654640605259341527_n.jpg\" alt=\"\" class=\"has-border-color has-intrace-accent-border-color wp-image-6018\" srcset=\"https:\/\/www.ltsrent.pl\/wp-content\/uploads\/2024\/11\/454346584_122120414864366562_4654640605259341527_n.jpg 1536w, https:\/\/www.ltsrent.pl\/wp-content\/uploads\/2024\/11\/454346584_122120414864366562_4654640605259341527_n-225x300.jpg 225w, https:\/\/www.ltsrent.pl\/wp-content\/uploads\/2024\/11\/454346584_122120414864366562_4654640605259341527_n-768x1024.jpg 768w, https:\/\/www.ltsrent.pl\/wp-content\/uploads\/2024\/11\/454346584_122120414864366562_4654640605259341527_n-1152x1536.jpg 1152w, https:\/\/www.ltsrent.pl\/wp-content\/uploads\/2024\/11\/454346584_122120414864366562_4654640605259341527_n-600x800.jpg 600w\" sizes=\"(max-width: 1536px) 100vw, 1536px\" \/><\/a><\/figure>\n\n\n\n<figure class=\"wp-block-image size-full has-custom-border\"><a href=\"https:\/\/www.ltsrent.pl\/index.php\/luxury-comfortable-villaapartament-ul-lakowa-60d-31\/454347218_122120414906366562_467798377645920097_n-2\/\" target=\"_blank\" rel=\"noopener\"><img loading=\"lazy\" decoding=\"async\" width=\"1536\" height=\"2048\" data-id=\"6020\" src=\"https:\/\/www.ltsrent.pl\/wp-content\/uploads\/2024\/11\/454347218_122120414906366562_467798377645920097_n.jpg\" alt=\"\" class=\"has-border-color has-intrace-accent-border-color wp-image-6020\" srcset=\"https:\/\/www.ltsrent.pl\/wp-content\/uploads\/2024\/11\/454347218_122120414906366562_467798377645920097_n.jpg 1536w, https:\/\/www.ltsrent.pl\/wp-content\/uploads\/2024\/11\/454347218_122120414906366562_467798377645920097_n-225x300.jpg 225w, https:\/\/www.ltsrent.pl\/wp-content\/uploads\/2024\/11\/454347218_122120414906366562_467798377645920097_n-768x1024.jpg 768w, https:\/\/www.ltsrent.pl\/wp-content\/uploads\/2024\/11\/454347218_122120414906366562_467798377645920097_n-1152x1536.jpg 1152w, https:\/\/www.ltsrent.pl\/wp-content\/uploads\/2024\/11\/454347218_122120414906366562_467798377645920097_n-600x800.jpg 600w\" sizes=\"(max-width: 1536px) 100vw, 1536px\" \/><\/a><\/figure>\n\n\n\n<figure class=\"wp-block-image size-full has-custom-border\"><a href=\"https:\/\/www.ltsrent.pl\/index.php\/luxury-comfortable-villaapartament-ul-lakowa-60d-31\/454403556_122120414828366562_5531237392985187380_n-2\/\" target=\"_blank\" rel=\"noopener\"><img loading=\"lazy\" decoding=\"async\" width=\"1536\" height=\"2048\" data-id=\"6022\" src=\"https:\/\/www.ltsrent.pl\/wp-content\/uploads\/2024\/11\/454403556_122120414828366562_5531237392985187380_n.jpg\" alt=\"\" class=\"has-border-color has-intrace-accent-border-color wp-image-6022\" srcset=\"https:\/\/www.ltsrent.pl\/wp-content\/uploads\/2024\/11\/454403556_122120414828366562_5531237392985187380_n.jpg 1536w, https:\/\/www.ltsrent.pl\/wp-content\/uploads\/2024\/11\/454403556_122120414828366562_5531237392985187380_n-225x300.jpg 225w, https:\/\/www.ltsrent.pl\/wp-content\/uploads\/2024\/11\/454403556_122120414828366562_5531237392985187380_n-768x1024.jpg 768w, https:\/\/www.ltsrent.pl\/wp-content\/uploads\/2024\/11\/454403556_122120414828366562_5531237392985187380_n-1152x1536.jpg 1152w, https:\/\/www.ltsrent.pl\/wp-content\/uploads\/2024\/11\/454403556_122120414828366562_5531237392985187380_n-600x800.jpg 600w\" sizes=\"(max-width: 1536px) 100vw, 1536px\" \/><\/a><\/figure>\n\n\n\n<figure class=\"wp-block-image size-full has-custom-border\"><a href=\"https:\/\/www.ltsrent.pl\/index.php\/luxury-comfortable-villaapartament-ul-lakowa-60d-31\/454289326_122120414816366562_7069836955243420201_n-1\/\" target=\"_blank\" rel=\"noopener\"><img loading=\"lazy\" decoding=\"async\" width=\"1536\" height=\"2048\" data-id=\"6026\" src=\"https:\/\/www.ltsrent.pl\/wp-content\/uploads\/2024\/11\/454289326_122120414816366562_7069836955243420201_n-1.jpg\" alt=\"\" class=\"has-border-color has-intrace-accent-border-color wp-image-6026\" srcset=\"https:\/\/www.ltsrent.pl\/wp-content\/uploads\/2024\/11\/454289326_122120414816366562_7069836955243420201_n-1.jpg 1536w, https:\/\/www.ltsrent.pl\/wp-content\/uploads\/2024\/11\/454289326_122120414816366562_7069836955243420201_n-1-225x300.jpg 225w, https:\/\/www.ltsrent.pl\/wp-content\/uploads\/2024\/11\/454289326_122120414816366562_7069836955243420201_n-1-768x1024.jpg 768w, https:\/\/www.ltsrent.pl\/wp-content\/uploads\/2024\/11\/454289326_122120414816366562_7069836955243420201_n-1-1152x1536.jpg 1152w, https:\/\/www.ltsrent.pl\/wp-content\/uploads\/2024\/11\/454289326_122120414816366562_7069836955243420201_n-1-600x800.jpg 600w\" sizes=\"(max-width: 1536px) 100vw, 1536px\" \/><\/a><\/figure>\n\n\n\n<figure class=\"wp-block-image size-full has-custom-border\"><a href=\"https:\/\/www.ltsrent.pl\/index.php\/luxury-comfortable-villaapartament-ul-lakowa-60d-31\/454403556_122120414828366562_5531237392985187380_n-1\/\" target=\"_blank\" rel=\"noopener\"><img loading=\"lazy\" decoding=\"async\" width=\"1536\" height=\"2048\" data-id=\"6024\" src=\"https:\/\/www.ltsrent.pl\/wp-content\/uploads\/2024\/11\/454403556_122120414828366562_5531237392985187380_n-1.jpg\" alt=\"\" class=\"has-border-color has-intrace-accent-border-color wp-image-6024\" srcset=\"https:\/\/www.ltsrent.pl\/wp-content\/uploads\/2024\/11\/454403556_122120414828366562_5531237392985187380_n-1.jpg 1536w, https:\/\/www.ltsrent.pl\/wp-content\/uploads\/2024\/11\/454403556_122120414828366562_5531237392985187380_n-1-225x300.jpg 225w, https:\/\/www.ltsrent.pl\/wp-content\/uploads\/2024\/11\/454403556_122120414828366562_5531237392985187380_n-1-768x1024.jpg 768w, https:\/\/www.ltsrent.pl\/wp-content\/uploads\/2024\/11\/454403556_122120414828366562_5531237392985187380_n-1-1152x1536.jpg 1152w, https:\/\/www.ltsrent.pl\/wp-content\/uploads\/2024\/11\/454403556_122120414828366562_5531237392985187380_n-1-600x800.jpg 600w\" sizes=\"(max-width: 1536px) 100vw, 1536px\" \/><\/a><\/figure>\n\n\n\n<figure class=\"wp-block-image size-full has-custom-border\"><a href=\"https:\/\/www.ltsrent.pl\/index.php\/luxury-comfortable-villaapartament-ul-lakowa-60d-31\/454289076_122120414228366562_505490137441028932_n-2\/\" target=\"_blank\" rel=\"noopener\"><img loading=\"lazy\" decoding=\"async\" width=\"1536\" height=\"2048\" data-id=\"5646\" src=\"https:\/\/www.ltsrent.pl\/wp-content\/uploads\/2024\/11\/454289076_122120414228366562_505490137441028932_n.jpg\" alt=\"\" class=\"has-border-color has-intrace-accent-border-color wp-image-5646\" srcset=\"https:\/\/www.ltsrent.pl\/wp-content\/uploads\/2024\/11\/454289076_122120414228366562_505490137441028932_n.jpg 1536w, https:\/\/www.ltsrent.pl\/wp-content\/uploads\/2024\/11\/454289076_122120414228366562_505490137441028932_n-225x300.jpg 225w, https:\/\/www.ltsrent.pl\/wp-content\/uploads\/2024\/11\/454289076_122120414228366562_505490137441028932_n-768x1024.jpg 768w, https:\/\/www.ltsrent.pl\/wp-content\/uploads\/2024\/11\/454289076_122120414228366562_505490137441028932_n-1152x1536.jpg 1152w, https:\/\/www.ltsrent.pl\/wp-content\/uploads\/2024\/11\/454289076_122120414228366562_505490137441028932_n-600x800.jpg 600w\" sizes=\"(max-width: 1536px) 100vw, 1536px\" \/><\/a><\/figure>\n\n\n\n<figure class=\"wp-block-image size-full has-custom-border\"><a href=\"https:\/\/www.ltsrent.pl\/index.php\/luxury-comfortable-villaapartament-ul-lakowa-60d-31\/454198426_122120413928366562_26840186278821992_n-2\/\" target=\"_blank\" rel=\"noopener\"><img loading=\"lazy\" decoding=\"async\" width=\"1536\" height=\"2048\" data-id=\"5644\" src=\"https:\/\/www.ltsrent.pl\/wp-content\/uploads\/2024\/11\/454198426_122120413928366562_26840186278821992_n.jpg\" alt=\"\" class=\"has-border-color has-intrace-accent-border-color wp-image-5644\" srcset=\"https:\/\/www.ltsrent.pl\/wp-content\/uploads\/2024\/11\/454198426_122120413928366562_26840186278821992_n.jpg 1536w, https:\/\/www.ltsrent.pl\/wp-content\/uploads\/2024\/11\/454198426_122120413928366562_26840186278821992_n-225x300.jpg 225w, https:\/\/www.ltsrent.pl\/wp-content\/uploads\/2024\/11\/454198426_122120413928366562_26840186278821992_n-768x1024.jpg 768w, https:\/\/www.ltsrent.pl\/wp-content\/uploads\/2024\/11\/454198426_122120413928366562_26840186278821992_n-1152x1536.jpg 1152w, https:\/\/www.ltsrent.pl\/wp-content\/uploads\/2024\/11\/454198426_122120413928366562_26840186278821992_n-600x800.jpg 600w\" sizes=\"(max-width: 1536px) 100vw, 1536px\" \/><\/a><\/figure>\n\n\n\n<figure class=\"wp-block-image size-full has-custom-border\"><a href=\"https:\/\/www.ltsrent.pl\/index.php\/luxury-comfortable-villaapartament-ul-lakowa-60d-31\/451034005_122120414954366562_9117901177745082995_n-2\/\" target=\"_blank\" rel=\"noopener\"><img loading=\"lazy\" decoding=\"async\" width=\"1536\" height=\"2048\" data-id=\"5643\" src=\"https:\/\/www.ltsrent.pl\/wp-content\/uploads\/2024\/11\/451034005_122120414954366562_9117901177745082995_n.jpg\" alt=\"\" class=\"has-border-color has-intrace-accent-border-color wp-image-5643\" srcset=\"https:\/\/www.ltsrent.pl\/wp-content\/uploads\/2024\/11\/451034005_122120414954366562_9117901177745082995_n.jpg 1536w, https:\/\/www.ltsrent.pl\/wp-content\/uploads\/2024\/11\/451034005_122120414954366562_9117901177745082995_n-225x300.jpg 225w, https:\/\/www.ltsrent.pl\/wp-content\/uploads\/2024\/11\/451034005_122120414954366562_9117901177745082995_n-768x1024.jpg 768w, https:\/\/www.ltsrent.pl\/wp-content\/uploads\/2024\/11\/451034005_122120414954366562_9117901177745082995_n-1152x1536.jpg 1152w, https:\/\/www.ltsrent.pl\/wp-content\/uploads\/2024\/11\/451034005_122120414954366562_9117901177745082995_n-600x800.jpg 600w\" sizes=\"(max-width: 1536px) 100vw, 1536px\" \/><\/a><\/figure>\n\n\n\n<figure class=\"wp-block-image size-full has-custom-border\"><a href=\"https:\/\/www.ltsrent.pl\/index.php\/luxury-comfortable-villaapartament-ul-lakowa-60d-31\/454319909_122120414852366562_1468177972221977005_n-1\/\" target=\"_blank\" rel=\"noopener\"><img loading=\"lazy\" decoding=\"async\" width=\"1536\" height=\"2048\" data-id=\"6028\" src=\"https:\/\/www.ltsrent.pl\/wp-content\/uploads\/2024\/11\/454319909_122120414852366562_1468177972221977005_n-1.jpg\" alt=\"\" class=\"has-border-color has-intrace-accent-border-color wp-image-6028\" srcset=\"https:\/\/www.ltsrent.pl\/wp-content\/uploads\/2024\/11\/454319909_122120414852366562_1468177972221977005_n-1.jpg 1536w, https:\/\/www.ltsrent.pl\/wp-content\/uploads\/2024\/11\/454319909_122120414852366562_1468177972221977005_n-1-225x300.jpg 225w, https:\/\/www.ltsrent.pl\/wp-content\/uploads\/2024\/11\/454319909_122120414852366562_1468177972221977005_n-1-768x1024.jpg 768w, https:\/\/www.ltsrent.pl\/wp-content\/uploads\/2024\/11\/454319909_122120414852366562_1468177972221977005_n-1-1152x1536.jpg 1152w, https:\/\/www.ltsrent.pl\/wp-content\/uploads\/2024\/11\/454319909_122120414852366562_1468177972221977005_n-1-600x800.jpg 600w\" sizes=\"(max-width: 1536px) 100vw, 1536px\" \/><\/a><\/figure>\n<\/figure>\n<\/div>\n<\/div>\n","protected":false},"excerpt":{"rendered":"<p>Obiekt znajduje si\u0119 w centrum Gda\u0144ska przy samej Star\u00f3wce \u25ca&nbsp; &nbsp;Skierowany g\u0142\u00f3wnie dla rodzin lub wi\u0119kszej grupy do 8 os\u00f3b.&nbsp;&nbsp; &nbsp; &nbsp; \u25ca&nbsp; &nbsp;Prywatny podziemny parking. \u25ca&nbsp; &nbsp;3 sypialnie oraz salon z rozk\u0142adan\u0105 sof\u0105. \u25ca&nbsp; &nbsp;Klimatyzacja. \u25ca&nbsp; &nbsp;Konsola XBOX wraz z grami. \u25ca&nbsp; &nbsp;R\u0119czniki oraz kosmetyki do u\u017cytku przez Go\u015bci. \u25ca&nbsp; &nbsp;Kawa, herbata, woda. \u25ca&nbsp; &nbsp;Aneks kuchenny wraz z ca\u0142ym wyposa\u017ceniem w tym ekspres do kawy,&nbsp; czajnik, toster. \u25ca&nbsp; &nbsp;Wiele atrakcji w pobli\u017cu: Fontanna Neptuna, Centralne Muzeum Morskie, Brama Zielona, D\u0142ugie Pobrze\u017ce, Polska Filharmonia Ba\u0142tycka.Zadbamy o Tw\u00f3j niezapomniany wypoczynek, zapraszamy do skorzystania z us\u0142ug.<\/p>\n","protected":false},"author":1,"featured_media":0,"parent":0,"menu_order":0,"comment_status":"closed","ping_status":"closed","template":"","meta":{"footnotes":""},"class_list":["post-5634","page","type-page","status-publish","hentry"],"_links":{"self":[{"href":"https:\/\/www.ltsrent.pl\/index.php\/wp-json\/wp\/v2\/pages\/5634","targetHints":{"allow":["GET"]}}],"collection":[{"href":"https:\/\/www.ltsrent.pl\/index.php\/wp-json\/wp\/v2\/pages"}],"about":[{"href":"https:\/\/www.ltsrent.pl\/index.php\/wp-json\/wp\/v2\/types\/page"}],"author":[{"embeddable":true,"href":"https:\/\/www.ltsrent.pl\/index.php\/wp-json\/wp\/v2\/users\/1"}],"replies":[{"embeddable":true,"href":"https:\/\/www.ltsrent.pl\/index.php\/wp-json\/wp\/v2\/comments?post=5634"}],"version-history":[{"count":30,"href":"https:\/\/www.ltsrent.pl\/index.php\/wp-json\/wp\/v2\/pages\/5634\/revisions"}],"predecessor-version":[{"id":6029,"href":"https:\/\/www.ltsrent.pl\/index.php\/wp-json\/wp\/v2\/pages\/5634\/revisions\/6029"}],"wp:attachment":[{"href":"https:\/\/www.ltsrent.pl\/index.php\/wp-json\/wp\/v2\/media?parent=5634"}],"curies":[{"name":"wp","href":"https:\/\/api.w.org\/{rel}","templated":true}]}}